{"id":14,"date":"2023-07-05T23:57:52","date_gmt":"2023-07-05T21:57:52","guid":{"rendered":"http:\/\/www.ckfunchal.pt\/?page_id=14"},"modified":"2025-02-01T23:39:13","modified_gmt":"2025-02-01T22:39:13","slug":"apresentacao","status":"publish","type":"page","link":"https:\/\/www.ckfunchal.pt\/","title":{"rendered":"APRESENTA\u00c7\u00c3O"},"content":{"rendered":"\n<div class=\"wp-block-cover alignfull has-parallax has-huge-font-size\" style=\"padding-top:0;padding-right:0;padding-bottom:0;padding-left:0\"><span aria-hidden=\"true\" class=\"wp-block-cover__background has-background-dim\"><\/span><div class=\"wp-block-cover__image-background wp-image-127 has-parallax\" style=\"background-position:50% 50%;background-image:url(http:\/\/www.ckfunchal.pt\/wp-content\/uploads\/2023\/07\/FundoWeb1_CKDF-3.png)\"><\/div><div class=\"wp-block-cover__inner-container is-layout-flow wp-block-cover-is-layout-flow\">\n<p class=\"has-text-align-center has-large-font-size\"><\/p>\n<\/div><\/div>\n\n\n\n<p class=\"has-primary-color has-background-background-color has-text-color has-background\">O Clube surge numa \u00f3tica de fus\u00e3o de uma marca pr\u00f3pria e pessoal de<strong> Coaching <\/strong>com as artes marciais mais propriamente o <strong>KARAT\u00c9-DO<\/strong>, doutrinando o aprofundamento e consciencializando o \u201c<strong>DO<\/strong>\u201d (o Caminho) atrav\u00e9s do <strong>BUSHIDO<\/strong>.<br><br>Mantendo a sua linha competitiva na vertente desportiva de <strong>KATA<\/strong> e <strong>KUMIT\u00c9 WKF<\/strong>, acrescida de significado e uma filosofia de vida, trabalhando a capacita\u00e7\u00e3o de compet\u00eancias psicol\u00f3gicas e emocionais fundamentais para o desenvolvimento humano de forma integral.\u00a0<br><br>O Clube tem como objetivos o fomento da pr\u00e1tica desportiva nas suas diversas modalidades, categorias e escal\u00f5es, bem como, o desenvolvimento de outras atividades sociais e culturais, tendo em vista proporcionar aos seus alunos e \u00e0 popula\u00e7\u00e3o local meios necess\u00e1rios \u00e0 educa\u00e7\u00e3o f\u00edsica, bem estar f\u00edsico, psicol\u00f3gico e emocional atrav\u00e9s das artes marciais, assim como o conv\u00edvio desportivo, social, cultural e recreativo.<br><br><strong>O Karat\u00e9 \u00e9 uma das mais antigas artes marciais e desporto do mundo.<\/strong>\u00a0As t\u00e9cnicas e a sua filosofia baseiam-se no <strong>BUSHIDO<\/strong> (<strong>caminho do guerreiro<\/strong>), um c\u00f3digo de \u00e9tica e valores axiol\u00f3gicos, cujos princ\u00edpios est\u00e3o assentes na lealdade, na honra e na supera\u00e7\u00e3o. As quais se comp\u00f5em atrav\u00e9s do KIHON, KATA e KUMIT\u00c9, um karateca completo \u00e9 aquele que n\u00e3o menospreza nenhuma destas val\u00eancias.<br><br>O conceito literal da palavra &#8220;<strong>Karat\u00e9<\/strong>&#8221; significa \u201cm\u00e3os vazias\u201d. O nome deriva do facto desta disciplina marcial n\u00e3o utilizar nenhum tipo de arma para se defender, embora tenha a pr\u00e1tica com armas numa \u00f3tica de conhecimento do funcionamento das mesmas, tais como BO, JO, TONFA, SAI.<br><br>Este conceito <strong>&#8220;m\u00e3os vazias\u201c, <\/strong>tem tamb\u00e9m uma conota\u00e7\u00e3o filos\u00f3fica e estoica que defende <strong>&#8220;que tudo o que precisamos est\u00e1 em n\u00f3s e dentro de n\u00f3s&#8221;.<\/strong><br><br>As aulas para al\u00e9m da componente t\u00e9cnica complementam-se com o fomento de valores como o <strong>Car\u00e1ter, a Sinceridade, a Etiqueta, o Esfor\u00e7o, o Autocontrolo, o Humanismo, a Lealdade, a Interajuda, o Companheirismo, a Supera\u00e7\u00e3o e a resili\u00eancia entre outros. <\/strong>Tendo como m\u00e1xima primordial a <strong>Virtuosidade<\/strong>, usando as artes marciais como meio de transforma\u00e7\u00e3o do ser humano, tornando-se na sua melhor vers\u00e3o.<\/p>\n\n\n\n<h2 class=\"wp-block-heading\">LOCAIS DE TREINO<\/h2>\n\n\n\n<div class=\"wp-block-cover alignfull has-parallax has-huge-font-size\" style=\"padding-top:0;padding-right:0;padding-bottom:0;padding-left:0\"><span aria-hidden=\"true\" class=\"wp-block-cover__background has-background-dim\"><\/span><div class=\"wp-block-cover__image-background wp-image-179 has-parallax\" style=\"background-position:50% 50%;background-image:url(http:\/\/www.ckfunchal.pt\/wp-content\/uploads\/2023\/07\/FundoWeb11_CKDF.png)\"><\/div><div class=\"wp-block-cover__inner-container is-layout-flow wp-block-cover-is-layout-flow\">\n<p class=\"has-text-align-center has-large-font-size\"><\/p>\n<\/div><\/div>\n\n\n\n<div class=\"wp-block-buttons alignwide is-content-justification-center is-layout-flex wp-container-core-buttons-is-layout-a89b3969 wp-block-buttons-is-layout-flex\">\n<div class=\"wp-block-button\"><a class=\"wp-block-button__link wp-element-button\" href=\"http:\/\/www.ckfunchal.pt\/index.php\/dojo-nazare\/\">DOJO NAZAR\u00c9<\/a><\/div>\n\n\n\n<div class=\"wp-block-button is-style-fill\"><a class=\"wp-block-button__link has-text-align-center wp-element-button\" href=\"http:\/\/www.ckfunchal.pt\/index.php\/dojo-funchal\/\">DOJO UNIVERSIDADE S\u00c9NIOR DO FUNCHAL<\/a><\/div>\n\n\n\n<div class=\"wp-block-button\"><a class=\"wp-block-button__link wp-element-button\" href=\"http:\/\/www.ckfunchal.pt\/index.php\/dojo-edificio-2000\/\">DOJO CENTRO COMUNIT\u00c1RIO DO FUNCHAL<\/a><\/div>\n<\/div>\n\n\n\n<p><\/p>\n\n\n\n<div class=\"wp-block-cover alignfull has-parallax has-huge-font-size\" style=\"padding-top:0;padding-right:0;padding-bottom:0;padding-left:0\"><span aria-hidden=\"true\" class=\"wp-block-cover__background has-background-dim\"><\/span><div class=\"wp-block-cover__image-background wp-image-126 has-parallax\" style=\"background-position:50% 50%;background-image:url(http:\/\/www.ckfunchal.pt\/wp-content\/uploads\/2023\/07\/FundoWeb2_CKDF.png)\"><\/div><div class=\"wp-block-cover__inner-container is-layout-flow wp-block-cover-is-layout-flow\">\n<p class=\"has-text-align-center has-large-font-size\"><\/p>\n<\/div><\/div>\n\n\n\n<h2 class=\"wp-block-heading has-text-align-center\">CONTATOS<br><\/h2>\n\n\n<div class=\"wp-block-image\">\n<figure class=\"aligncenter size-full is-resized\"><img loading=\"lazy\" decoding=\"async\" width=\"512\" height=\"512\" src=\"http:\/\/www.ckfunchal.pt\/wp-content\/uploads\/2023\/07\/cropped-Logo_CKDF_site500.png\" alt=\"\" class=\"wp-image-13\" style=\"width:179px;height:179px\" srcset=\"https:\/\/www.ckfunchal.pt\/wp-content\/uploads\/2023\/07\/cropped-Logo_CKDF_site500.png 512w, https:\/\/www.ckfunchal.pt\/wp-content\/uploads\/2023\/07\/cropped-Logo_CKDF_site500-300x300.png 300w, https:\/\/www.ckfunchal.pt\/wp-content\/uploads\/2023\/07\/cropped-Logo_CKDF_site500-150x150.png 150w, https:\/\/www.ckfunchal.pt\/wp-content\/uploads\/2023\/07\/cropped-Logo_CKDF_site500-270x270.png 270w, https:\/\/www.ckfunchal.pt\/wp-content\/uploads\/2023\/07\/cropped-Logo_CKDF_site500-192x192.png 192w, https:\/\/www.ckfunchal.pt\/wp-content\/uploads\/2023\/07\/cropped-Logo_CKDF_site500-180x180.png 180w, https:\/\/www.ckfunchal.pt\/wp-content\/uploads\/2023\/07\/cropped-Logo_CKDF_site500-32x32.png 32w\" sizes=\"auto, (max-width: 512px) 100vw, 512px\" \/><\/figure>\n<\/div>\n\n\n<p><\/p>\n\n\n\n<p><\/p>\n\n\n\n<p class=\"has-text-align-left has-large-font-size\"><sup> <img loading=\"lazy\" decoding=\"async\" width=\"35\" height=\"35\" class=\"wp-image-155\" style=\"width: 35px;\" src=\"http:\/\/www.ckfunchal.pt\/wp-content\/uploads\/2023\/07\/3178158.png\" alt=\"\" srcset=\"https:\/\/www.ckfunchal.pt\/wp-content\/uploads\/2023\/07\/3178158.png 512w, https:\/\/www.ckfunchal.pt\/wp-content\/uploads\/2023\/07\/3178158-300x300.png 300w, https:\/\/www.ckfunchal.pt\/wp-content\/uploads\/2023\/07\/3178158-150x150.png 150w\" sizes=\"auto, (max-width: 35px) 100vw, 35px\" \/>    geral@ckfunchal.pt<\/sup><\/p>\n\n\n\n<p class=\"has-text-align-left has-large-font-size\"><sup><img loading=\"lazy\" decoding=\"async\" width=\"35\" height=\"35\" class=\"wp-image-158\" style=\"width: 35px;\" src=\"http:\/\/www.ckfunchal.pt\/wp-content\/uploads\/2023\/07\/icone-du-logo-whatsapp-noir.png\" alt=\"\" srcset=\"https:\/\/www.ckfunchal.pt\/wp-content\/uploads\/2023\/07\/icone-du-logo-whatsapp-noir.png 512w, https:\/\/www.ckfunchal.pt\/wp-content\/uploads\/2023\/07\/icone-du-logo-whatsapp-noir-300x300.png 300w, https:\/\/www.ckfunchal.pt\/wp-content\/uploads\/2023\/07\/icone-du-logo-whatsapp-noir-150x150.png 150w\" sizes=\"auto, (max-width: 35px) 100vw, 35px\" \/>    (+351)<strong> 96 51 13 253<\/strong><\/sup><\/p>\n\n\n\n<p class=\"has-text-align-left has-large-font-size\"><sup><img loading=\"lazy\" decoding=\"async\" width=\"35\" height=\"35\" class=\"wp-image-157\" style=\"width: 35px;\" src=\"http:\/\/www.ckfunchal.pt\/wp-content\/uploads\/2023\/07\/4701482.png\" alt=\"\" srcset=\"https:\/\/www.ckfunchal.pt\/wp-content\/uploads\/2023\/07\/4701482.png 512w, https:\/\/www.ckfunchal.pt\/wp-content\/uploads\/2023\/07\/4701482-300x300.png 300w, https:\/\/www.ckfunchal.pt\/wp-content\/uploads\/2023\/07\/4701482-150x150.png 150w\" sizes=\"auto, (max-width: 35px) 100vw, 35px\" \/>   <a href=\"http:\/\/www.facebook.com\/ckfunchal\" data-type=\"URL\" data-id=\"www.facebook.com\/ckfunchal\"> www.facebook.com\/ckfunchal<\/a><\/sup><br><br><sup><img loading=\"lazy\" decoding=\"async\" width=\"35\" height=\"35\" class=\"wp-image-154\" style=\"width: 35px;\" src=\"http:\/\/www.ckfunchal.pt\/wp-content\/uploads\/2023\/07\/2175198.png\" alt=\"\" srcset=\"https:\/\/www.ckfunchal.pt\/wp-content\/uploads\/2023\/07\/2175198.png 512w, https:\/\/www.ckfunchal.pt\/wp-content\/uploads\/2023\/07\/2175198-300x300.png 300w, https:\/\/www.ckfunchal.pt\/wp-content\/uploads\/2023\/07\/2175198-150x150.png 150w\" sizes=\"auto, (max-width: 35px) 100vw, 35px\" \/>    <a href=\"http:\/\/www.instagram.com\/ckfunchal\">www.instagram.com\/ckfunchal<\/a><\/sup><\/p>\n\n\n\n<p><\/p>\n\n\n\n<div class=\"wp-block-cover alignfull has-parallax has-huge-font-size\" style=\"padding-top:0;padding-right:0;padding-bottom:0;padding-left:0\"><span aria-hidden=\"true\" class=\"wp-block-cover__background has-background-dim\"><\/span><div class=\"wp-block-cover__image-background wp-image-129 has-parallax\" style=\"background-position:50% 50%;background-image:url(http:\/\/www.ckfunchal.pt\/wp-content\/uploads\/2023\/07\/FundoWeb4_CKDF.png)\"><\/div><div class=\"wp-block-cover__inner-container is-layout-flow wp-block-cover-is-layout-flow\">\n<p class=\"has-text-align-center has-large-font-size\"><\/p>\n<\/div><\/div>\n\n\n\n<h2 class=\"wp-block-heading alignfull has-text-align-center\"><br>PARCEIROS<\/h2>\n\n\n\n<figure class=\"wp-block-image size-large\"><img loading=\"lazy\" decoding=\"async\" width=\"1024\" height=\"214\" src=\"http:\/\/www.ckfunchal.pt\/wp-content\/uploads\/2024\/01\/Parceiros_CKDF_3-1-1024x214.png\" alt=\"\" class=\"wp-image-237\" srcset=\"https:\/\/www.ckfunchal.pt\/wp-content\/uploads\/2024\/01\/Parceiros_CKDF_3-1-1024x214.png 1024w, https:\/\/www.ckfunchal.pt\/wp-content\/uploads\/2024\/01\/Parceiros_CKDF_3-1-300x63.png 300w, https:\/\/www.ckfunchal.pt\/wp-content\/uploads\/2024\/01\/Parceiros_CKDF_3-1-768x160.png 768w, https:\/\/www.ckfunchal.pt\/wp-content\/uploads\/2024\/01\/Parceiros_CKDF_3-1-1536x321.png 1536w, https:\/\/www.ckfunchal.pt\/wp-content\/uploads\/2024\/01\/Parceiros_CKDF_3-1-2048x428.png 2048w, https:\/\/www.ckfunchal.pt\/wp-content\/uploads\/2024\/01\/Parceiros_CKDF_3-1-1568x327.png 1568w\" sizes=\"auto, (max-width: 1024px) 100vw, 1024px\" \/><\/figure>\n\n\n\n<h2 class=\"wp-block-heading has-text-align-center\"><br>APOIOS<\/h2>\n\n\n\n<figure class=\"wp-block-image size-large\"><img loading=\"lazy\" decoding=\"async\" width=\"1024\" height=\"214\" src=\"http:\/\/www.ckfunchal.pt\/wp-content\/uploads\/2023\/08\/Apoios_CKDF_2-3-1024x214.png\" alt=\"\" class=\"wp-image-223\" srcset=\"https:\/\/www.ckfunchal.pt\/wp-content\/uploads\/2023\/08\/Apoios_CKDF_2-3-1024x214.png 1024w, https:\/\/www.ckfunchal.pt\/wp-content\/uploads\/2023\/08\/Apoios_CKDF_2-3-300x63.png 300w, https:\/\/www.ckfunchal.pt\/wp-content\/uploads\/2023\/08\/Apoios_CKDF_2-3-768x160.png 768w, https:\/\/www.ckfunchal.pt\/wp-content\/uploads\/2023\/08\/Apoios_CKDF_2-3-1536x321.png 1536w, https:\/\/www.ckfunchal.pt\/wp-content\/uploads\/2023\/08\/Apoios_CKDF_2-3-2048x428.png 2048w, https:\/\/www.ckfunchal.pt\/wp-content\/uploads\/2023\/08\/Apoios_CKDF_2-3-1568x327.png 1568w\" sizes=\"auto, (max-width: 1024px) 100vw, 1024px\" \/><\/figure>\n","protected":false},"excerpt":{"rendered":"<p>O Clube surge numa \u00f3tica de fus\u00e3o de uma marca pr\u00f3pria e pessoal de Coaching com as artes marciais mais propriamente o KARAT\u00c9-DO, doutrinando o aprofundamento e consciencializando o \u201cDO\u201d (o Caminho) atrav\u00e9s do BUSHIDO. Mantendo a sua linha competitiva na vertente desportiva de KATA e KUMIT\u00c9 WKF, acrescida de significado e uma filosofia de<a class=\"more-link\" href=\"https:\/\/www.ckfunchal.pt\/\">Continue reading <span class=\"screen-reader-text\">&#8220;APRESENTA\u00c7\u00c3O&#8221;<\/span><\/a><\/p>\n","protected":false},"author":1,"featured_media":0,"parent":0,"menu_order":0,"comment_status":"closed","ping_status":"closed","template":"","meta":{"footnotes":""},"class_list":["post-14","page","type-page","status-publish","hentry","entry"],"_links":{"self":[{"href":"https:\/\/www.ckfunchal.pt\/index.php\/wp-json\/wp\/v2\/pages\/14","targetHints":{"allow":["GET"]}}],"collection":[{"href":"https:\/\/www.ckfunchal.pt\/index.php\/wp-json\/wp\/v2\/pages"}],"about":[{"href":"https:\/\/www.ckfunchal.pt\/index.php\/wp-json\/wp\/v2\/types\/page"}],"author":[{"embeddable":true,"href":"https:\/\/www.ckfunchal.pt\/index.php\/wp-json\/wp\/v2\/users\/1"}],"replies":[{"embeddable":true,"href":"https:\/\/www.ckfunchal.pt\/index.php\/wp-json\/wp\/v2\/comments?post=14"}],"version-history":[{"count":66,"href":"https:\/\/www.ckfunchal.pt\/index.php\/wp-json\/wp\/v2\/pages\/14\/revisions"}],"predecessor-version":[{"id":244,"href":"https:\/\/www.ckfunchal.pt\/index.php\/wp-json\/wp\/v2\/pages\/14\/revisions\/244"}],"wp:attachment":[{"href":"https:\/\/www.ckfunchal.pt\/index.php\/wp-json\/wp\/v2\/media?parent=14"}],"curies":[{"name":"wp","href":"https:\/\/api.w.org\/{rel}","templated":true}]}}